5, -5*u - 7*x + 12 = -4*x. Let v(q) be the second derivative of -q**3/6 + q**2/2 + 506*q. Determine v(u).
-2
Suppose 159 + 36 = 39*y. Let p(m) = m**3 - 8*m**2 + 11*m + 14. Calculate p(y).
-6
Let l(o) = 2*o**3 + 2*o**2 - o - 1. Let m = -181 - -147. Let h be (-9)/4 + -4 + m/(-8). What is l(h)?
-7
Suppose 5*u + 25 = 5*w, u = -3*w - 1 - 0. Let p(a) be the third derivative of -a**4/24 + a**3/3 - a**2 + 283. What is p(w)?
1
Let h be (-10 + 5 + -5)*12/20. Let l(t) = -t - 7. Let v be l(-9). Let b(r) = -3*r**2 - r**3 + 7 + 0 + 6*r - 2*r**v + 2*r. Give b(h).
-5
Let i(u) = -u**2 + 5*u - 5. Let x = 14686 - 14686. Calculate i(x).
-5
Suppose -5*w + 14 = t, 171*w - 16 = 2*t + 170*w. Let o(b) = -11*b - 44. Determine o(t).
22
Let n(j) be the third derivative of j**6/40 - j**5/3 - 11*j**4/24 + 4*j**3/3 - 2*j**2 + 15*j - 4. Give n(7).
-20
Let f(z) = 1893 + z - 1894 - 8*z**2 - z**2. Let m = -27 - -28. Determine f(m).
-9
Let t be (-48)/32 + (-14)/4. Let d = 8 + t. Let b(r) = -r + 6 + d*r - r. Calculate b(-7).
-1
Let q be 26/(-8) + (-1)/(-4). Let f be 6 + -2 + (5 + 18 - 3). Let v(u) = -3*u. Let m(n) = -23*n + 1. Let t(p) = f*v(p) - 3*m(p). What is t(q)?
6
Let f(r) = 8*r**3 - 23*r**2 - 9*r - 15. Let o(k) = -12*k**3 + 34*k**2 + 13*k + 22. Let u(d) = 7*f(d) + 5*o(d). Give u(4).
-99
Let z(w) be the third derivative of w**8/20160 + w**7/1260 + w**6/360 - 4*w**5/3 + 13*w**2. Let h(n) be the third derivative of z(n). Calculate h(-5).
7
Let w(t) = -2*t**2 - 9*t + 41. Let p be w(-8). Let l(u) = -u**3 - 14*u**2 + 12*u - 42. What is l(p)?
3
Suppose 96*c = 107*c. Let y(x) = x**3 + x**2 + 2*x + 69. Calculate y(c).
69
Let p be (45/18)/5 - 13/(-2). Let u(i) be the first derivative of -1/2*i**2 - 4*i - p. Calculate u(-6).
2
Let b(w) = 87*w - 326. Let h(r) = -34*r + 109. Let j(p) = -3*b(p) - 8*h(p). Give j(-9).
7
Let d(x) = 16*x**2 - 28*x - 16. Let g(z) = 20*z**2 - 24*z - 17. Let f(y) = 7*d(y) - 6*g(y). Calculate f(-6).
14
Let z(y) = -y**2 + 37*y - 270. Let l = 3009 + -2982. What is z(l)?
0
Suppose 10*v - 6 = 7*v. Let p be (v/8)/((-2)/8) + 6. Let z(x) = -2*x - p + x**2 - 8*x + 7*x + 12. Give z(5).
17
Let s(z) = -44 - 28*z + 41 - 30 - 25 - 32. Determine s(-6).
78
Let u be 3/(-5) - 92/(-80)*4. Let b(h) = 209*h - h**2 - 208*h - 4*h**2 + u*h**2 + h**3. What is b(2)?
6
Let o be 2/4 - (-61)/2. Let r(h) = 0 + 26*h - o*h + 6 - 4 + 2*h**2. Determine r(3).
5
Let a(n) = n + 1033229016 + n**3 - 1033229015 - 3*n. Suppose 3*f + 1 = -3*r - 8, 0 = 5*f + 3*r + 5. What is a(f)?
5
Let k(l) = l**3 - 34*l**2 + 66*l + 31. Let t be k(32). Let j = 88 - t. Let o be (j - -8)*(0 - (5 + -2)). Let x(g) = g**3 + 2*g**2 - g - 2. Give x(o).
-8
Suppose 2058 = -3*q + 2*o, 6*q - 3*o + 679 = 5*q. Let j = q + 689. Let c(d) = 7*d**2 - 1. Give c(j).
6
Suppose 11 = -6*r + 7*r. Let k be 3 - r - (-3 - 2). Let m(x) = x**3 + 4*x**2 + 4*x + 7. Give m(k).
4
Let w(v) = -v**3 + 8*v**2 + 10*v + 8. Let r(q) = 631*q + 6950. Let o be r(-11). Give w(o).
17
Suppose 3*y = v + 15, -863 = -v + 2*y - 873. Let u(r) = r**3 - r**2 - r + 21. Determine u(v).
21
Let m(y) be the first derivative of 7*y**4/4 - 2*y**3/3 + y + 2. Let g(i) = -2*i + 66. Let a be g(17). Let b = a - 33. Determine m(b).
-8
Let a(q) = -11*q + 5. Suppose 127*d - 186 = 68. Give a(d).
-17
Let h be 272/8*2/4. Let w = 23 - h. Let m(y) = -w*y + 16*y + 0 - 2 + y**3 + 7*y**2 - 5*y. Give m(-6).
4
Let f(c) be the second derivative of -c + 1/20*c**5 + 1/12*c**4 + 0 + 0*c**3 - 2*c**2. Let i = -445 - -445. Determine f(i).
-4
Let z = 32 - 24. Suppose 5*o + 10 = 2*x, 3*x + z - 23 = o. Suppose s = -m - o*m - 9, -2*s - 6 = -m. Let c(w) = w**2 + 5*w + 4. Determine c(s).
4
Let a(b) be the second derivative of b**4/12 - 2*b**3/3 - 3*b**2/2 + 3*b. Let t = -2846 - -2853. What is a(t)?
18
Let w = -722 + 1205. Let z = w - 484. Let x(d) = 5*d - 1 - 4*d + d. Determine x(z).
-3
Let q(b) = 7*b**3 + b**2 - 2*b - 2. Let s(k) = -22*k**3 + 10*k**2 - 33*k - 10. Let m(u) = 3*q(u) + s(u). Determine m(7).
5
Let c(f) = f**2 - 64 - 74 + 230 - 79 + 12*f. Determine c(-8).
-19
Let q(v) be the third derivative of -v**5/60 - v**4/24 - 2*v**3/3 + 396*v**2. Let g be 17/(-6) + 9/(-54). Give q(g).
-10
Let u be 34*(2/6)/(20/30). Suppose -15*w = 47 - u. Let p(n) = -9*n**2 + 9. Let f(h) = 4*h**2 - 4. Let a(s) = 5*f(s) + 2*p(s). Determine a(w).
6
Let c(h) = 10*h + 1. Let t(v) be the third derivative of v**5/30 - 25*v**4/24 - 5*v**3/2 - 3*v**2. Let y be t(13). Determine c(y).
-19
Let u = 258 - 265. Let z(f) = -8*f**2 - f - 4. Let q(r) = 25*r + 1 - 23*r + 2 + 7*r**2. Let j(d) = 7*q(d) + 6*z(d). Calculate j(u).
-10
Suppose -4*o + 5 = d, -1 - 19 = -3*o - 4*d. Suppose o = -5*k - 3*s + 36, -s = -2*k + 12 + 9. Let j(i) = -3*i + 1. Calculate j(k).
-26
Let v = 126 - 144. Let i be (-8)/v - (-175)/(-63)*-2. Let x(s) be the third derivative of -s**4/12 + s**3/6 - s**2. Determine x(i).
-11
Let b(t) = -t - 5. Let l = 0 + -4. Let i be 0 + (l + -2 - 4) + 0. Give b(i).
5
Let o(b) = b**2 + 6*b - 13. Let p be o(-7). Let h = p - -2. Let x(u) = -3*u. Let q(z) = -4*z. Let n(a) = 5*q(a) - 7*x(a). Calculate n(h).
-4
Let c(d) = 2*d + 4. Suppose 2*v + 384 = -4*f, 4*v - 3*f = -601 - 145. Let r = v + 185. Give c(r).
-2
Let w(r) = -r**3 - r**2 + 506*r - 1. Let m be w(22). Let a(c) = 119*c + 118. Give a(m).
-1
Let c(r) be the first derivative of -r**3/3 + 4*r**2 + 16*r + 5144. Determine c(16).
-112
Let s(v) = 21*v**2 + v**3 - v - 20*v**2 + 0 - 6. Let q = -552 - -552. Calculate s(q).
-6
Suppose -12*j = -14*j - 14. Let g(i) = -3*i**2 + 2*i + 10. Let f(d) = 10*d**2 - 4*d - 31. Let c(x) = j*g(x) - 2*f(x). What is c(10)?
32
Suppose -6*h + 2*r = 10 - 30, 0 = -5*h + 2*r + 19. Let t(x) = -50*x + 6. Calculate t(h).
-44
Let u(w) = -12*w - 1. Let h be 20/(-5)*(-111)/(-12). Let y = 54 + h. Let q = 18 - y. Calculate u(q).
-13
Let u be 2/1 - (-6 - -3). Suppose c + 5*h = -c + 94, u*c - 265 = -5*h. Let s = c - 53. Let r(n) = n**3 - 5*n**2 + n + 4. Give r(s).
-8
Let k = 3056 - 3058. Let b(g) = -g + 7. Determine b(k).
9
Let y(d) = -789099*d - 4 + 789102*d - 3. Suppose -4*q + 34 = q - 4*g, -4*g + 26 = q. Determine y(q).
23
Let j(n) be the second derivative of 2*n**3/3 + 31*n**2/2 - 3*n - 426. What is j(-7)?
3
Let w(v) be the second derivative of -v**8/3360 + v**7/504 - v**6/180 + v**5/40 - v**4/4 - v + 2. Let d(t) be the third derivative of w(t). Give d(3).
-18
Let n(t) = t**3 - 7*t**2 + 2*t + 1. Suppose -8*r + 9*r + 7 = 2*r. What is n(r)?
15
Let u(f) = -42*f + f**3 + 43*f + 20 - 704*f**2 + 703*f**2. Calculate u(0).
20
Let j(d) be the second derivative of 2/3*d**3 + 0 - 2*d**2 + 78*d. Calculate j(2).
4
Let r be (-6)/4*(980/21)/(-14). Let s(j) = -j**2 + 6*j + 1. Let m be s(6). Let y be (-24)/r + m/(-5). Let z(f) = -f**2 - 6*f - 1. Determine z(y).
4
Let s(d) = -3*d + 47. Let n be s(10). Suppose i - 4*v = -n, 2*i + 4*v - 35 = -3*i. Let f(w) = -4 - i*w + 4*w**2 - 3*w**2 - 3*w + 10*w. What is f(-6)?
8
Let q(w) = -7*w + 4. Suppose y - 4*y + 2*z = -79, -2*y + 46 = -3*z. Let g(f) = -6*f - 7 + y - 5 - 12. Let b(k) = 3*g(k) - 2*q(k). What is b(5)?
-13
Let m(b) = 29*b - 86 + 8 - b**2 + 9*b - 18*b. Calculate m(11).
21
Let s(a) = -a - 2. Let t be s(-9). Let c = t + 0. Let p(n) = -n**3 + 8*n**2 - 6*n - 1. Give p(c).
6
Let a(m) = -m**3 + 9*m**2 - 13*m - 12. Suppose 0*x = 17*x - 5322 + 5203. Determine a(x).
-5
Let a(i) = -2*i**3 - 17*i**2 + 10*i + 7. Suppose 3*n + 4*z + 47 = 0, -4*n + 2*n + 2*z = 8. Give a(n).
-2
Let w be -84*((-6)/(-8) + 0). Let o = w + 59. Let i(p) = -5*p**2 + 8*p + 4. Let b(a) = -a**2 + 2*a + 1. Let y(h) = o*i(h) + 18*b(h). Give y(-2).
2
Let o(i) = -i**3 - 8*i**2 + 10*i + 21. Suppose 2*h + 52*z + 34 = 56*z, -z = -4. Give o(h).
12
Let r(s) = -s**3 + 9*s**2 + 1. Let u(k) = k**2 - 11*k - 21. Let q be u(12). Let d be (-34)/153 + (-83)/q. Calculate r(d).
1
Let t(z) = -40*z + 164. Suppose -2*n - 34 = -4*o - 20, o + 2*n - 6 = 0. Give t(o).
4
Let p(a) = -a**2 - 12*a - 44. Let h(l) = 7*l - 126. Let g be h(17). Determine p(g).
-9
Let o(b) be the first derivative of -b**4/4 - 29*b**3/3 - b**2 - 61*b - 620. Determine o(-29).
-3
Let o(a) = -a**3 - a**2 + a - 1. Let v(w) = -3*w - 21. Let r be v(-11). Let n be (4 - 39/r)/((-1)/12). Let i be 6/n + 2 + 2/(-6). Give o(i).
-2
Let q(z) = z + 5. Let o(l) = -4*l - 28. Let t be o(-8). Suppose w - 3 - 1 = 4*n, 0 = -t*n + 8. Let k be 